 prime factors of g.
3, 5
Let f(k) = 2 + 3 - 13*k + 25*k + 15*k. What are the prime factors of f(5)?
2, 5, 7
Suppose 12*q - 3*q = -27. List the prime factors of (-986)/q + 1/3.
7, 47
Suppose -4*x = -9*c + 8*c - 4042, -2*c - 4044 = -4*x. What are the prime factors of x?
2, 5, 101
Let o be 1*(1 - (2 - 4)). Suppose -4*d - 3*c - 4 = -19, d - o*c = 0. List the prime factors of 37/(d/(-3 - -6)).
37
List the prime factors of (-50 + -13)/((-18)/408).
2, 3, 7, 17
Suppose -40*v = -6*v - 374. What are the prime factors of v?
11
Let k(g) = g**3 + 6*g**2 + g - 1. Let h be 0/((-1 - -3)/2). Suppose -3*o - 9 = -o - l, h = -3*o - 4*l - 8. What are the prime factors of k(o)?
3
Let g(u) = -u**3 + 6*u**2 + 5*u + 2. Let d be g(4). List the prime factors of (4/(-3))/(3*(-3)/d).
2
Let b be (-2)/(-7)*(-42)/(-6). Suppose -b*k - 45 = -5*k. Suppose a = -2*d + k, 6*a = 5*d + 2*a - 70. What are the prime factors of d?
2, 5
Suppose -4*s + 0*s + 8 = 0. Let x(u) = 0 + 5 + s*u + 2. List the prime factors of x(11).
29
Suppose -28*c + 56862 = -c. What are the prime factors of c?
2, 3, 13
Let f = -40 - -279. What are the prime factors of f?
239
Let h(y) be the first derivative of 17*y**2/2 - 27*y + 38. What are the prime factors of h(13)?
2, 97
Let o(i) = -37*i**2 + 12 + 91*i**2 - 48*i**2 + i**3 - 11*i. What are the prime factors of o(-6)?
2, 3, 13
Let b be -3 - (0 + -7 + 1). Suppose 4*d + b*u = 164, -4*u + 9*u - 68 = -2*d. What are the prime factors of d?
2, 11
Let v = -56 - -61. Suppose 3*i - v*k - 68 = -i, -k = 3*i - 32. What are the prime factors of i?
2, 3
Let i(t) = -t**2 - 7*t - 7. Let q be i(-6). Let p be q/2 - 99/(-22). Suppose j = p*j - 72. List the prime factors of j.
2, 3
List the prime factors of 1727 - 0*(-4)/8.
11, 157
Suppose 15*l - 2148 - 8517 = 0. What are the prime factors of l?
3, 79
Let f(z) = 2*z + 17. Suppose -16 = g - s, 4*g - s = g - 40. Let w be f(g). Let c = -5 - w. What are the prime factors of c?
2
Suppose 3*r = 7*r + 57440. List the prime factors of r/(-88) + 0 + 2/(-11).
163
Suppose -5*b = 3*f - 25, -3*f - 7 = -b - 2. Suppose 4*w + f*w - 5*g = 254, -2*w + 128 = -3*g. What are the prime factors of w?
61
Let c = -33 + 113. Let z = -6 + c. Suppose 0 = 5*y - z - 56. What are the prime factors of y?
2, 13
Suppose 5*s + 1641 + 3100 = 4*r, 0 = -4*r - 2*s + 4734. What are the prime factors of r?
2, 37
Suppose 0 = -20*h + 17*h + 882. Suppose 2*m + 2*r - 196 = 0, 3*m = 2*r - 4*r + h. List the prime factors of m.
2, 7
Suppose -245 = -5*l + 485. List the prime factors of l.
2, 73
Suppose 3*i = -34 - 20. Let k = i + 27. What are the prime factors of k?
3
Let g = -716 - -1046. List the prime factors of g.
2, 3, 5, 11
List the prime factors of ((-42)/(-5))/((-46)/(-1380)).
2, 3, 7
Let h(o) = -o - 12. Let y be h(-14). What are the prime factors of (-52 + y)/(18/(-9))?
5
Let d be ((-36)/7)/(2/(-7)). List the prime factors of (-1 - (-38)/6) + d/(-54).
5
Suppose 23*f - 2046 = 13364. What are the prime factors of f?
2, 5, 67
Let y(s) = s**3 + 41*s**2 + 52*s - 126. What are the prime factors of y(-37)?
2, 3, 571
Let n be 42/35*(-30)/(-9). What are the prime factors of n/14 - 828/(-42)?
2, 5
Let u(t) = 44*t**2 - 8*t - 4. Let f be u(4). What are the prime factors of -4 + (f/4 - 2)?
7, 23
Suppose 0 = -z - 3*z + 20. Suppose 0 = -3*q - 4*l + 227, q + 3*l = z*l + 89. What are the prime factors of q?
3
Let j = 50 - -16. Suppose -2*s + j = 2*u + 8, 4*s + 5*u - 111 = 0. List the prime factors of s.
2, 17
Suppose 16 = -2*w - w + 5*g, 0 = -5*g + 10. What are the prime factors of (w + 0 + 3)*37?
37
Let n be (-2)/(-4) + (-17)/2. Let s(c) be the third derivative of -c**4/8 - 8*c**3/3 + 12*c**2. What are the prime factors of s(n)?
2
Let d = 2196 + -550. List the prime factors of d.
2, 823
Suppose -5*d = 5*i - 3*i + 132, 0 = -5*i - 2*d - 351. Let j = i - -23. Let t = -27 - j. What are the prime factors of t?
3, 7
Let z = -2127 - -3547. List the prime factors of z.
2, 5, 71
Let y = 27 + -24. Let s(o) = o**2 - 4*o - 3. Let h be s(y). Let d(m) = m**2 + 3*m - 14. List the prime factors of d(h).
2
Let c = 15 - 12. Suppose -c*i + 10 = -3*s - 17, 0 = -4*i + 2*s + 30. What are the prime factors of 2 - i - 0 - -20?
2
Let q(u) = 3*u**3 + 5*u**2 + u + 43. What are the prime factors of q(8)?
1907
Suppose -3*n - 5*q - 21 = 15, -2*q = 6. Let j = n - -52. List the prime factors of j.
3, 5
Let a = -16 - -21. Suppose -8*i + 3*i - z = -106, -a*z - 86 = -3*i. Suppose -y - d = -6, -y - 5*d = -0*y - i. What are the prime factors of y?
2
Let x be 10/(1/(-3)*3). Let w = x + 13. Suppose g - 5*q = 42, 4*g - w*q + 61 = 314. List the prime factors of g.
67
Let h = 87 - -10. Let f = h + -54. What are the prime factors of f?
43
Let g(a) = 5*a**3 + 2*a**2 - 2 + 6 - 6 - 2*a - a**2. Let w be g(-2). Let t = -19 - w. What are the prime factors of t?
3, 5
Let t(h) = 16*h - 394. Let o be t(38). Let v = 0 - 0. Suppose -4*a - 3*g = -o + 35, -5*g + 5 = v. What are the prime factors of a?
2, 11
Let j = -890 + 2145. What are the prime factors of j?
5, 251
Suppose b = -3*y + 4871, 64*b - 68*b = -2*y + 3224. What are the prime factors of y?
2, 811
List the prime factors of ((-5057)/(-78))/((-4)/(-168)).
7, 389
Let f = 46 + -28. Let l be 2/(-1) + -2 + f. Suppose l*w - 12*w = 28. List the prime factors of w.
2, 7
Let l be (6/2)/(-6)*-8 + -2. Let j(i) = 6*i**2 - 7*i + 4. List the prime factors of j(l).
2, 7
Let p be (6/(-4))/(4/72). Let l = -16 - p. Let k = 26 - l. List the prime factors of k.
3, 5
What are the prime factors of 520/65 + 1 + 1914?
3, 641
Let n(w) = -10*w**3 + 6*w**2 - 8*w - 47. List the prime factors of n(-5).
7, 199
Let n be (-22)/12 - (-2)/(-12). Let j be n + 2 + 3 + 0. List the prime factors of -48*(j - (-11)/(-3)).
2
List the prime factors of (-532)/((-32)/8)*13.
7, 13, 19
Let t = -16 - -35. Suppose -116 = -t*w + 17*w. List the prime factors of w.
2, 29
Let o(n) = n**2 + 20*n + 19. Let v be o(-22). Suppose -14*q - v = -15*q. What are the prime factors of q?
3, 7
Let u(z) = -z**3 - 9*z**2 - 20*z - 9. Let r(f) = -f**3 + 8*f**2 - 6*f - 14. Let d be r(7). List the prime factors of u(d).
3, 11
Let h = -76 - -112. Suppose 0 = -2*y + 2*r - 4*r + 16, -3*y + 3*r = -h. What are the prime factors of y?
2, 5
Suppose f - 3*k + 8*k - 12 = 0, f - 12 = 3*k. Suppose -4*m + 4 = -f. Suppose 22 = m*w - 18. List the prime factors of w.
2, 5
Let z = 74 + 249. What are the prime factors of z?
17, 19
Let u be 138 + (-2 - 0)/((-16)/24). Suppose 7*l - 10*l = -u. List the prime factors of l.
47
Let f = 6412 - 4080. List the prime factors of f.
2, 11, 53
Suppose x + 2*x - 11 = a, x = -4*a + 8. Suppose 0*k + 5*k - 3 = -2*w, -2*k = w - a. List the prime factors of k/4 + (-441)/(-28).
2
Let t(q) = q**2 - 10*q + 18. Let o be t(6). Let b = 38 - o. What are the prime factors of b?
2, 11
Let s(w) = -4*w - 1. Let a be s(-1). Let h be 2 + 10 + 0/2. Suppose -a*m + h = -m. What are the prime factors of m?
2, 3
Let r(h) = 7*h**2 - 4*h + 4. Let i be r(-6). Suppose 76 = -4*l + i. List the prime factors of 0/(-3) + l + 1.
2, 13
Suppose -11*u - 2*u = -5733. What are the prime factors of u?
3, 7
Let r = 267 - 162. Suppose 3*u + 21 - r = -3*h, -59 = -2*h - 3*u. Suppose -2*s + h = 3*s. What are the prime factors of s?
5
Let j = -942 - -1138. What are the prime factors of j?
2, 7
Let j(w) = 3*w + 6. Let b be j(-2). Suppose 4*k - 5*k - 55 = b. Let g = -12 - k. List the prime factors of g.
43
Let i = -1587 - -2317. List the prime factors of i.
2, 5, 73
List the prime factors of 3/(-4 + 7)*0 - -249.
3, 83
Let q be -21 + -3 + (5 - 1). Let j be ((-18)/(-5))/((-6)/q). Suppose -210 = -j*s + 7*s. List the prime factors of s.
2, 3, 7
Let r be (336/10)/4 + 4/(-10). Let j(h) = -h**3 + 12*h**2 - 18*h + 10. List the prime factors of j(r).
2, 61
Suppose 2*y + m - 1295 = 0, 3*m - 1103 = -3*y + 832. What are the prime factors of y?
2, 5, 13
Suppose 2*v + 8*d = 5*d + 2746, 0 = -3*v + 2*d + 4093. What are the prime factors of v?
1367
Suppose -2*n = 3*j + 1, -n + 4*j - 6*j = 0. Let c(d) = -63*d - 10. List the prime factors of c(n).
2, 29
Let v(l) = 2*l**2 + l - 22. Suppose -11*s + 25 = -16*s. What are the prime factors of v(s)?
23
Suppose -49*c + 318675 - 116207 = 0. What are the prime factors of c?
2, 1033
Let s = 219 - -185. What are the prime factors of s?
2, 101
Let 